{"id":334,"date":"2023-07-03T17:40:43","date_gmt":"2023-07-03T15:40:43","guid":{"rendered":"https:\/\/edithsteinfriedensgebet.wordpress.com\/?page_id=334"},"modified":"2023-07-05T15:21:31","modified_gmt":"2023-07-05T15:21:31","slug":"vorschlage-fur-furbitten","status":"publish","type":"page","link":"https:\/\/friedensgebet.karmel.at\/?page_id=334","title":{"rendered":"Vorschl\u00e4ge f\u00fcr F\u00fcrbitten"},"content":{"rendered":"\n<div class=\"wp-block-columns is-layout-flex wp-container-core-columns-is-layout-28f84493 wp-block-columns-is-layout-flex\">\n<div class=\"wp-block-column is-layout-flow wp-block-column-is-layout-flow\">\n<p>als PDF<\/p>\n\n\n\n<div class=\"wp-block-file\"><a id=\"wp-block-file--media-8a82598a-e134-4890-b216-cc3fc819c96d\" href=\"https:\/\/friedensgebet.karmel.at\/wp-content\/uploads\/2023\/07\/vorschlage-fur-furbitten.pdf\">Vorschlage f\u00fcr F\u00fcrbitten<\/a><a href=\"https:\/\/friedensgebet.karmel.at\/wp-content\/uploads\/2023\/07\/vorschlage-fur-furbitten.pdf\" class=\"wp-block-file__button wp-element-button\" download aria-describedby=\"wp-block-file--media-8a82598a-e134-4890-b216-cc3fc819c96d\">Download<\/a><\/div>\n<\/div>\n\n\n\n<div class=\"wp-block-column is-layout-flow wp-block-column-is-layout-flow\">\n<p>als Word Doc<\/p>\n\n\n\n<div class=\"wp-block-file\"><a id=\"wp-block-file--media-e3608517-e7f4-47ff-9548-60ea2d3db617\" href=\"https:\/\/friedensgebet.karmel.at\/wp-content\/uploads\/2023\/07\/vorschlage-fur-furbitten-1.docx\">Vorschlage f\u00fcr F\u00fcrbitten<\/a><a href=\"https:\/\/friedensgebet.karmel.at\/wp-content\/uploads\/2023\/07\/vorschlage-fur-furbitten-1.docx\" class=\"wp-block-file__button wp-element-button\" download aria-describedby=\"wp-block-file--media-e3608517-e7f4-47ff-9548-60ea2d3db617\">Download<\/a><\/div>\n<\/div>\n<\/div>\n\n\n\n<figure class=\"wp-block-gallery has-nested-images columns-default is-cropped wp-block-gallery-1 is-layout-flex wp-block-gallery-is-layout-flex\">\n<figure class=\"wp-block-image size-large\"><a href=\"https:\/\/friedensgebet.karmel.at\/?p=212\"><img loading=\"lazy\" decoding=\"async\" width=\"732\" height=\"1024\" data-id=\"57\" src=\"https:\/\/friedensgebet.karmel.at\/wp-content\/uploads\/2023\/06\/237.-edith-en-1938-1-1-732x1024.jpg\" alt=\"\" class=\"wp-image-57\" srcset=\"https:\/\/friedensgebet.karmel.at\/wp-content\/uploads\/2023\/06\/237.-edith-en-1938-1-1-732x1024.jpg 732w, https:\/\/friedensgebet.karmel.at\/wp-content\/uploads\/2023\/06\/237.-edith-en-1938-1-1-214x300.jpg 214w, https:\/\/friedensgebet.karmel.at\/wp-content\/uploads\/2023\/06\/237.-edith-en-1938-1-1-768x1074.jpg 768w, https:\/\/friedensgebet.karmel.at\/wp-content\/uploads\/2023\/06\/237.-edith-en-1938-1-1-1098x1536.jpg 1098w, https:\/\/friedensgebet.karmel.at\/wp-content\/uploads\/2023\/06\/237.-edith-en-1938-1-1-1464x2048.jpg 1464w, https:\/\/friedensgebet.karmel.at\/wp-content\/uploads\/2023\/06\/237.-edith-en-1938-1-1-scaled.jpg 1830w\" sizes=\"auto, (max-width: 732px) 100vw, 732px\" \/><\/a><figcaption class=\"wp-element-caption\">Edith Stein<\/figcaption><\/figure>\n\n\n\n<figure class=\"wp-block-image size-large\"><a href=\"https:\/\/friedensgebet.karmel.at\/?p=209\"><img loading=\"lazy\" decoding=\"async\" width=\"1024\" height=\"683\" data-id=\"351\" src=\"https:\/\/friedensgebet.karmel.at\/wp-content\/uploads\/2023\/07\/1920px-mahnmal_judenplatz_wien-1-1024x683.jpg\" alt=\"\" class=\"wp-image-351\" srcset=\"https:\/\/friedensgebet.karmel.at\/wp-content\/uploads\/2023\/07\/1920px-mahnmal_judenplatz_wien-1-1024x683.jpg 1024w, https:\/\/friedensgebet.karmel.at\/wp-content\/uploads\/2023\/07\/1920px-mahnmal_judenplatz_wien-1-300x200.jpg 300w, https:\/\/friedensgebet.karmel.at\/wp-content\/uploads\/2023\/07\/1920px-mahnmal_judenplatz_wien-1-768x512.jpg 768w, https:\/\/friedensgebet.karmel.at\/wp-content\/uploads\/2023\/07\/1920px-mahnmal_judenplatz_wien-1-1536x1024.jpg 1536w, https:\/\/friedensgebet.karmel.at\/wp-content\/uploads\/2023\/07\/1920px-mahnmal_judenplatz_wien-1.jpg 1920w\" sizes=\"auto, (max-width: 1024px) 100vw, 1024px\" \/><\/a><figcaption class=\"wp-element-caption\">Opfer<\/figcaption><\/figure>\n\n\n\n<figure class=\"wp-block-image size-large\"><a href=\"https:\/\/friedensgebet.karmel.at\/?p=205\"><img loading=\"lazy\" decoding=\"async\" width=\"1024\" height=\"1024\" data-id=\"207\" src=\"https:\/\/friedensgebet.karmel.at\/wp-content\/uploads\/2023\/07\/cznmcy1wcml2yxrll3jhd3bpegvsx2ltywdlcy93zwjzaxrlx2nvbnrlbnqvam9injc5ltawoc14lmpwzw-1024x1024.jpg\" alt=\"\" class=\"wp-image-207\" srcset=\"https:\/\/friedensgebet.karmel.at\/wp-content\/uploads\/2023\/07\/cznmcy1wcml2yxrll3jhd3bpegvsx2ltywdlcy93zwjzaxrlx2nvbnrlbnqvam9injc5ltawoc14lmpwzw-1024x1024.jpg 1024w, https:\/\/friedensgebet.karmel.at\/wp-content\/uploads\/2023\/07\/cznmcy1wcml2yxrll3jhd3bpegvsx2ltywdlcy93zwjzaxrlx2nvbnrlbnqvam9injc5ltawoc14lmpwzw-300x300.jpg 300w, https:\/\/friedensgebet.karmel.at\/wp-content\/uploads\/2023\/07\/cznmcy1wcml2yxrll3jhd3bpegvsx2ltywdlcy93zwjzaxrlx2nvbnrlbnqvam9injc5ltawoc14lmpwzw-150x150.jpg 150w, https:\/\/friedensgebet.karmel.at\/wp-content\/uploads\/2023\/07\/cznmcy1wcml2yxrll3jhd3bpegvsx2ltywdlcy93zwjzaxrlx2nvbnrlbnqvam9injc5ltawoc14lmpwzw-768x768.jpg 768w, https:\/\/friedensgebet.karmel.at\/wp-content\/uploads\/2023\/07\/cznmcy1wcml2yxrll3jhd3bpegvsx2ltywdlcy93zwjzaxrlx2nvbnrlbnqvam9injc5ltawoc14lmpwzw.jpg 1300w\" sizes=\"auto, (max-width: 1024px) 100vw, 1024px\" \/><\/a><figcaption class=\"wp-element-caption\">Uns Selbst<\/figcaption><\/figure>\n\n\n\n<figure class=\"wp-block-image size-large\"><a href=\"https:\/\/friedensgebet.karmel.at\/?p=201\"><img loading=\"lazy\" decoding=\"async\" width=\"1024\" height=\"683\" data-id=\"203\" src=\"https:\/\/friedensgebet.karmel.at\/wp-content\/uploads\/2023\/07\/chjpdmf0zs9sci9pbwfnzxmvd2vic2l0zs8ymdiyltexl2zsnte1mdgwmjuxmzataw1hz2uuanbn-1024x683.jpg\" alt=\"\" class=\"wp-image-203\" srcset=\"https:\/\/friedensgebet.karmel.at\/wp-content\/uploads\/2023\/07\/chjpdmf0zs9sci9pbwfnzxmvd2vic2l0zs8ymdiyltexl2zsnte1mdgwmjuxmzataw1hz2uuanbn-1024x683.jpg 1024w, https:\/\/friedensgebet.karmel.at\/wp-content\/uploads\/2023\/07\/chjpdmf0zs9sci9pbwfnzxmvd2vic2l0zs8ymdiyltexl2zsnte1mdgwmjuxmzataw1hz2uuanbn-300x200.jpg 300w, https:\/\/friedensgebet.karmel.at\/wp-content\/uploads\/2023\/07\/chjpdmf0zs9sci9pbwfnzxmvd2vic2l0zs8ymdiyltexl2zsnte1mdgwmjuxmzataw1hz2uuanbn-768x512.jpg 768w, https:\/\/friedensgebet.karmel.at\/wp-content\/uploads\/2023\/07\/chjpdmf0zs9sci9pbwfnzxmvd2vic2l0zs8ymdiyltexl2zsnte1mdgwmjuxmzataw1hz2uuanbn.jpg 1300w\" sizes=\"auto, (max-width: 1024px) 100vw, 1024px\" \/><\/a><figcaption class=\"wp-element-caption\">Politikerinnen und Politiker<\/figcaption><\/figure>\n\n\n\n<figure class=\"wp-block-image size-large\"><a href=\"https:\/\/friedensgebet.karmel.at\/?p=184\"><img loading=\"lazy\" decoding=\"async\" width=\"1024\" height=\"661\" data-id=\"186\" src=\"https:\/\/friedensgebet.karmel.at\/wp-content\/uploads\/2023\/07\/chjpdmf0zs9sci9pbwfnzxmvd2vic2l0zs8ymdiylteyl2xyl3vtzxn2a3nuz2s5ntmtaw1hz2uuanbn-1024x661.jpg\" alt=\"\" class=\"wp-image-186\" srcset=\"https:\/\/friedensgebet.karmel.at\/wp-content\/uploads\/2023\/07\/chjpdmf0zs9sci9pbwfnzxmvd2vic2l0zs8ymdiylteyl2xyl3vtzxn2a3nuz2s5ntmtaw1hz2uuanbn-1024x661.jpg 1024w, https:\/\/friedensgebet.karmel.at\/wp-content\/uploads\/2023\/07\/chjpdmf0zs9sci9pbwfnzxmvd2vic2l0zs8ymdiylteyl2xyl3vtzxn2a3nuz2s5ntmtaw1hz2uuanbn-300x194.jpg 300w, https:\/\/friedensgebet.karmel.at\/wp-content\/uploads\/2023\/07\/chjpdmf0zs9sci9pbwfnzxmvd2vic2l0zs8ymdiylteyl2xyl3vtzxn2a3nuz2s5ntmtaw1hz2uuanbn-768x496.jpg 768w, https:\/\/friedensgebet.karmel.at\/wp-content\/uploads\/2023\/07\/chjpdmf0zs9sci9pbwfnzxmvd2vic2l0zs8ymdiylteyl2xyl3vtzxn2a3nuz2s5ntmtaw1hz2uuanbn.jpg 1300w\" sizes=\"auto, (max-width: 1024px) 100vw, 1024px\" \/><\/a><figcaption class=\"wp-element-caption\">Fl\u00fcchtlinge<\/figcaption><\/figure>\n\n\n\n<figure class=\"wp-block-image size-large\"><a href=\"https:\/\/friedensgebet.karmel.at\/?p=180\"><img loading=\"lazy\" decoding=\"async\" width=\"1024\" height=\"1024\" data-id=\"182\" src=\"https:\/\/friedensgebet.karmel.at\/wp-content\/uploads\/2023\/07\/chjpdmf0zs9sci9pbwfnzxmvd2vic2l0zs8ymdiylta2l2pvyjk0oc0wmdktcf8xlnbuzw-1024x1024.png\" alt=\"\" class=\"wp-image-182\" srcset=\"https:\/\/friedensgebet.karmel.at\/wp-content\/uploads\/2023\/07\/chjpdmf0zs9sci9pbwfnzxmvd2vic2l0zs8ymdiylta2l2pvyjk0oc0wmdktcf8xlnbuzw-1024x1024.png 1024w, https:\/\/friedensgebet.karmel.at\/wp-content\/uploads\/2023\/07\/chjpdmf0zs9sci9pbwfnzxmvd2vic2l0zs8ymdiylta2l2pvyjk0oc0wmdktcf8xlnbuzw-300x300.png 300w, https:\/\/friedensgebet.karmel.at\/wp-content\/uploads\/2023\/07\/chjpdmf0zs9sci9pbwfnzxmvd2vic2l0zs8ymdiylta2l2pvyjk0oc0wmdktcf8xlnbuzw-150x150.png 150w, https:\/\/friedensgebet.karmel.at\/wp-content\/uploads\/2023\/07\/chjpdmf0zs9sci9pbwfnzxmvd2vic2l0zs8ymdiylta2l2pvyjk0oc0wmdktcf8xlnbuzw-768x768.png 768w, https:\/\/friedensgebet.karmel.at\/wp-content\/uploads\/2023\/07\/chjpdmf0zs9sci9pbwfnzxmvd2vic2l0zs8ymdiylta2l2pvyjk0oc0wmdktcf8xlnbuzw.png 1300w\" sizes=\"auto, (max-width: 1024px) 100vw, 1024px\" \/><\/a><figcaption class=\"wp-element-caption\">Die friedliche Mittel und Wege suchen<\/figcaption><\/figure>\n\n\n\n<figure class=\"wp-block-image size-large\"><a href=\"https:\/\/friedensgebet.karmel.at\/?p=173\"><img loading=\"lazy\" decoding=\"async\" width=\"1024\" height=\"683\" data-id=\"188\" src=\"https:\/\/friedensgebet.karmel.at\/wp-content\/uploads\/2023\/07\/chjpdmf0zs9sci9pbwfnzxmvd2vic2l0zs8ymdiylta1l2xyl2zsnte5mzg5mjczmdmtaw1hz2uuanbn-1024x683.jpg\" alt=\"\" class=\"wp-image-188\" srcset=\"https:\/\/friedensgebet.karmel.at\/wp-content\/uploads\/2023\/07\/chjpdmf0zs9sci9pbwfnzxmvd2vic2l0zs8ymdiylta1l2xyl2zsnte5mzg5mjczmdmtaw1hz2uuanbn-1024x683.jpg 1024w, https:\/\/friedensgebet.karmel.at\/wp-content\/uploads\/2023\/07\/chjpdmf0zs9sci9pbwfnzxmvd2vic2l0zs8ymdiylta1l2xyl2zsnte5mzg5mjczmdmtaw1hz2uuanbn-300x200.jpg 300w, https:\/\/friedensgebet.karmel.at\/wp-content\/uploads\/2023\/07\/chjpdmf0zs9sci9pbwfnzxmvd2vic2l0zs8ymdiylta1l2xyl2zsnte5mzg5mjczmdmtaw1hz2uuanbn-768x512.jpg 768w, https:\/\/friedensgebet.karmel.at\/wp-content\/uploads\/2023\/07\/chjpdmf0zs9sci9pbwfnzxmvd2vic2l0zs8ymdiylta1l2xyl2zsnte5mzg5mjczmdmtaw1hz2uuanbn.jpg 1300w\" sizes=\"auto, (max-width: 1024px) 100vw, 1024px\" \/><\/a><figcaption class=\"wp-element-caption\">Menschen in der Ukraine<\/figcaption><\/figure>\n<\/figure>\n\n\n\n<p><strong>Menschen in der Ukraine<\/strong><\/p>\n\n\n\n<p>Wir beten f\u00fcr die Menschen in der Ukraine, in den Kriegsgebieten in Nahost und weltweit, f\u00fcr alle M\u00e4nner, Frauen und Kinder, die in Angst und Furcht vor Gewalt und Terror leben m\u00fcssen, f\u00fcr alle, die verwundet oder get\u00f6tet werden.<\/p>\n\n\n\n<p><strong>Die friedliche Mittel und Wege suchen<\/strong><\/p>\n\n\n\n<p>Wir beten f\u00fcr alle, die nur in milit\u00e4rischer St\u00e4rke und in Waffen eine L\u00f6sung sehen, f\u00fcr alle, die ohne Bedenken Gewalt anwenden \u2013 und f\u00fcr die vielen, die friedliche Mittel und Wege suchen, um Konflikte zu l\u00f6sen.<\/p>\n\n\n\n<p><strong>Fl\u00fcchtlinge<\/strong><\/p>\n\n\n\n<p>Wir beten f\u00fcr alle Menschen, die auf der Flucht sind, f\u00fcr alle, die keine Heimat mehr haben,f\u00fcr die vielen, die bei uns in Europa Zuflucht und menschliche Aufnahme suchen. Beten wir auch f\u00fcr alle, die Fl\u00fcchtlinge und Heimatlose begleiten, sie unterst\u00fctzen und ihnen ein St\u00fcck neue Heimat schenken.<\/p>\n\n\n\n<p><strong>Politikerinnen und Politiker<\/strong><\/p>\n\n\n\n<p>Wir beten f\u00fcr die Politikerinnen und Politiker in Ost und West, dass sie die W\u00fcrde, Freiheit und Selbstbestimmung der Menschen ihrer eigenen L\u00e4nder und aller anderen Staaten achten, dass sie f\u00fcr das Wohl aller Menschen in Europa Wege des Ausgleichs, der Entspannung und des Friedens suchen und gehen.<\/p>\n\n\n\n<p><strong>Uns Selbst<\/strong><\/p>\n\n\n\n<p>&nbsp;Wir beten f\u00fcr uns selbst, dass wir unsere eigenen Anteile an Konflikten erkennen, im Umgang mit anderen, mit der Sch\u00f6pfung und ihren Ressourcen, in unserer Einstellung und Haltung gegen\u00fcber Menschen anderer Religion, Hautfarbe und Herkunft. Liedruf<\/p>\n\n\n\n<p><strong>Opfer<\/strong><\/p>\n\n\n\n<p>Wir beten f\u00fcr alle Opfer, die in den aktuellen Kriegs- und Krisenherden der Welt ihr Leben verloren haben, dass ihre Seele Ruhe findet in dir.<\/p>\n\n\n\n<p><strong>Edith Stein<\/strong><\/p>\n\n\n\n<p>V: Hl. Edith Stein, Patronin Europas, A: bitte f\u00fcr uns. V: Barmherziger Gott, die hl. Teresia Benedicta vom Kreuz \u2013 Edith Stein hat dir ihr Leben angeboten, f\u00fcr den Frieden der Welt. Schenke auf ihre F\u00fcrsprache den L\u00e4ndern Europas und der ganzen Erde deinen Frieden. Darum bitten wir durch Christus, unseren Bruder und Herrn. A: [\u2026]<\/p>\n\n\n\n<h3 class=\"wp-block-heading\"><\/h3>\n\n\n\n<div class=\"wp-block-query is-layout-flow wp-block-query-is-layout-flow\">\n\n\n\n<div class=\"wp-block-query-no-results\">\n\n<p><\/p>\n\n<\/div><\/div>\n","protected":false},"excerpt":{"rendered":"<p>als PDF als Word Doc Menschen in der Ukraine Wir beten f\u00fcr die Menschen in der Ukraine, in den Kriegsgebieten in Nahost und weltweit, f\u00fcr alle M\u00e4nner, Frauen und Kinder, die in Angst und Furcht vor Gewalt und Terror leben m\u00fcssen, f\u00fcr alle, die verwundet oder get\u00f6tet werden. Die friedliche Mittel und Wege suchen Wir [&hellip;]<\/p>\n","protected":false},"author":1,"featured_media":0,"parent":0,"menu_order":0,"comment_status":"closed","ping_status":"closed","template":"","meta":{"footnotes":""},"class_list":["post-334","page","type-page","status-publish","hentry"],"_links":{"self":[{"href":"https:\/\/friedensgebet.karmel.at\/index.php?rest_route=\/wp\/v2\/pages\/334","targetHints":{"allow":["GET"]}}],"collection":[{"href":"https:\/\/friedensgebet.karmel.at\/index.php?rest_route=\/wp\/v2\/pages"}],"about":[{"href":"https:\/\/friedensgebet.karmel.at\/index.php?rest_route=\/wp\/v2\/types\/page"}],"author":[{"embeddable":true,"href":"https:\/\/friedensgebet.karmel.at\/index.php?rest_route=\/wp\/v2\/users\/1"}],"replies":[{"embeddable":true,"href":"https:\/\/friedensgebet.karmel.at\/index.php?rest_route=%2Fwp%2Fv2%2Fcomments&post=334"}],"version-history":[{"count":4,"href":"https:\/\/friedensgebet.karmel.at\/index.php?rest_route=\/wp\/v2\/pages\/334\/revisions"}],"predecessor-version":[{"id":391,"href":"https:\/\/friedensgebet.karmel.at\/index.php?rest_route=\/wp\/v2\/pages\/334\/revisions\/391"}],"wp:attachment":[{"href":"https:\/\/friedensgebet.karmel.at\/index.php?rest_route=%2Fwp%2Fv2%2Fmedia&parent=334"}],"curies":[{"name":"wp","href":"https:\/\/api.w.org\/{rel}","templated":true}]}}